{"id":111,"date":"2019-06-24T07:06:59","date_gmt":"2019-06-24T05:06:59","guid":{"rendered":"http:\/\/www.slovenskabanska.sk\/?page_id=111"},"modified":"2021-06-14T12:41:56","modified_gmt":"2021-06-14T10:41:56","slug":"kontakt","status":"publish","type":"page","link":"https:\/\/www.slovenskabanska.sk\/?page_id=111","title":{"rendered":"Kontakt"},"content":{"rendered":"\n<h4>S\u00eddlo spolo\u010dnosti:<\/h4>\n\n\n\n<p><strong>Slovensk\u00e1 bansk\u00e1, spol. s r.o.<\/strong><br>Hodru\u0161a-H\u00e1mre 388<br>966 61 Hodru\u0161a-H\u00e1mre<br>Slovensk\u00e1 Republika<\/p>\n\n\n\n<p><\/p>\n\n\n\n<h4>Kontakty:<\/h4>\n\n\n\n<p><strong>Recepcia<\/strong><br>Tel.: 045 \/ 6700 700<br>Tel.: 045 \/ 6700 711<\/p>\n\n\n\n<p><strong>Ing. Ivan Ba\u010da<\/strong><br>Riadite\u013e \/ konate\u013e<br>Tel: 045 \/ 6700 701<br>E.mail: baca.ivan@slovenskabanska.sk<\/p>\n\n\n\n<p><strong>JUDr. Peter Koz\u00e1k<\/strong><br>Ekonomick\u00e9 oddelenie \/ konate\u013e<br>Tel: 0918 416 165<br>E-mail: kozak.peter@slovenskabanska.sk<\/p>\n","protected":false},"excerpt":{"rendered":"<p>S\u00eddlo spolo\u010dnosti: Slovensk\u00e1 bansk\u00e1, spol. s r.o.Hodru\u0161a-H\u00e1mre 388966 61 Hodru\u0161a-H\u00e1mreSlovensk\u00e1 Republika Kontakty: RecepciaTel.: 045 \/ 6700 700Tel.: 045 \/ 6700 711 Ing. Ivan Ba\u010daRiadite\u013e \/ konate\u013eTel: 045 \/ 6700 701E.mail: baca.ivan@slovenskabanska.sk JUDr. Peter Koz\u00e1kEkonomick\u00e9 oddelenie \/ konate\u013eTel: 0918 416 165E-mail:&hellip; <\/p>\n","protected":false},"author":1,"featured_media":5,"parent":0,"menu_order":7,"comment_status":"closed","ping_status":"closed","template":"","meta":{"ngg_post_thumbnail":0},"_links":{"self":[{"href":"https:\/\/www.slovenskabanska.sk\/index.php?rest_route=\/wp\/v2\/pages\/111"}],"collection":[{"href":"https:\/\/www.slovenskabanska.sk\/index.php?rest_route=\/wp\/v2\/pages"}],"about":[{"href":"https:\/\/www.slovenskabanska.sk\/index.php?rest_route=\/wp\/v2\/types\/page"}],"author":[{"embeddable":true,"href":"https:\/\/www.slovenskabanska.sk\/index.php?rest_route=\/wp\/v2\/users\/1"}],"replies":[{"embeddable":true,"href":"https:\/\/www.slovenskabanska.sk\/index.php?rest_route=%2Fwp%2Fv2%2Fcomments&post=111"}],"version-history":[{"count":9,"href":"https:\/\/www.slovenskabanska.sk\/index.php?rest_route=\/wp\/v2\/pages\/111\/revisions"}],"predecessor-version":[{"id":301,"href":"https:\/\/www.slovenskabanska.sk\/index.php?rest_route=\/wp\/v2\/pages\/111\/revisions\/301"}],"wp:featuredmedia":[{"embeddable":true,"href":"https:\/\/www.slovenskabanska.sk\/index.php?rest_route=\/wp\/v2\/media\/5"}],"wp:attachment":[{"href":"https:\/\/www.slovenskabanska.sk\/index.php?rest_route=%2Fwp%2Fv2%2Fmedia&parent=111"}],"curies":[{"name":"wp","href":"https:\/\/api.w.org\/{rel}","templated":true}]}}